{"id":524,"date":"2024-06-28T11:03:15","date_gmt":"2024-06-28T11:03:15","guid":{"rendered":"https:\/\/autopartsoils.ro\/site\/product\/ulei-de-motor-pentru-iveco-daily-petromax-original-id-avan-gard-5w30-1l-iveco-18-1811\/"},"modified":"2024-11-12T11:18:01","modified_gmt":"2024-11-12T11:18:01","slug":"ulei-de-motor-pentru-iveco-daily-petromax-original-id-avan-gard-5w30-1l-iveco-18-1811","status":"publish","type":"product","link":"https:\/\/autopartsoils.ro\/site\/product\/ulei-de-motor-pentru-iveco-daily-petromax-original-id-avan-gard-5w30-1l-iveco-18-1811\/","title":{"rendered":"Ulei de motor pentru Iveco Daily Petromax Original ID aVAN GARD 5W30 1L IVECO 18-1811"},"content":{"rendered":"<p>Petromax Original ID aVAN GARD 5W30 este un lubrifiant 100% sintetic, produs la cele mai inainte nivele de formulare, conceput pentru a oferi penformante excelente motoarelor Euro IV-V cu sau fara DPF ce echipeaza seria Iveco Daily. Tehnologia moderna de formulare cu continut scazut de cenusa permite prelungirea si mentinerea eficientei sistemelor de reducere a emisiilor. Vascozitate SAE 5W-30 Corespunde cerintelor OEM: IVECO 18-1811 CLASSE S1 IVECO 18-1811 CLASSE SC1 Baza ulei Sintetic Gama de lubrifianti ORIGNAL ID De ce este special\u0103? Pentru c\u0103 respect\u0103 1 la 1 re\u021beta, caracteristicile \u0219i standardele de fabrica\u021bie ale produselor originale folosite de produc\u0103tori renumi\u021bi, cum ar fi Case, New Holland, Steyr sau John Deere. Lubrifiantii nostri din gama Original ID sunt formulati special pentru a r\u0103spunde nevoilor unice ale echipamentelor mai sus mentionate, oferind performan\u021b\u0103, longevitate \u0219i protec\u021bie optime. Produsul nostru este supus unor teste riguroase \u0219i ader\u0103 la cele mai inalte standarde din industrie pentru a asigura compatibilitatea \u0219i eficacitatea unei game de ma\u0219ini agricole \u0219i de construc\u021bii. In primul rand, lubrifiantul nostru este conceput pentru a indeplini specifica\u021biile stricte stabilite de Case, New Holland, Steyr Steyr sau John Deere. Ace\u0219ti produc\u0103tori i\u0219i proiecteaz\u0103 echipamentele cu precizie, iar lubrifiantul nostru este conceput pentru a completa componentele complexe ale utilajului. Acest lucru asigur\u0103 c\u0103 lubrifiantul func\u021bioneaz\u0103 perfect in motoarele, transmisiile \u0219i sistemele hidraulice ale acestor m\u0103rci, promovand func\u021bionarea lin\u0103 \u0219i minimizand uzura. In plus, lubrifiantul nostru este formulat pentru a rezista la condi\u021biile solicitante intalnite adesea in mediile agricole \u0219i de construc\u021bii. Ofer\u0103 o stabilitate termic\u0103 excep\u021bional\u0103, prevenind suprainc\u0103lzirea chiar \u0219i in timpul utiliz\u0103rii prelungite sau la temperaturi ridicate. Acest lucru este crucial pentru men\u021binerea eficien\u021bei \u0219i fiabilit\u0103\u021bii echipamentelor care sunt adesea expuse la condi\u021bii de lucru dificile. Lubrifiantul nostru ofer\u0103, de asemenea, protec\u021bie superioar\u0103 impotriva ruginii, coroziunii \u0219i a altor forme de deteriorare. Acest lucru este deosebit de important pentru utilajele care func\u021bioneaz\u0103 in climate diverse \u0219i expuse la condi\u021bii meteorologice variate. Aditivii avansa\u021bi ai lubrifiantului creeaz\u0103 o barier\u0103 de protec\u021bie, prelungind durata de via\u021b\u0103 a componentelor critice \u0219i reducand riscul repara\u021biilor costisitoare. In plus, lubrifiantul nostru este conceput pentru a spori eficien\u021ba consumului de combustibil, contribuind la economii de costuri pentru operatorii de echipamente Case, New Holland, Steyr sau John Deere. Formula minimizeaz\u0103 frecarea in interiorul utilajului, promovand o func\u021bionare mai lin\u0103 \u0219i optimizand consumul de combustibil. In cele din urm\u0103, lubrifiantul nostru este o alegere de incredere pentru utilajele dvs., oferind o solu\u021bie personalizat\u0103 care se aliniaz\u0103 cu standardele inalte ale acestor produc\u0103tori respecta\u021bi. Alegerea lubrifiantului nostru asigur\u0103 c\u0103 echipamentul dumneavoastr\u0103 prime\u0219te ingrijirea pe care o merit\u0103, promovand performan\u021ba de varf \u0219i longevitatea in domeniu.<\/p>\n","protected":false},"excerpt":{"rendered":"<p>Petromax Original ID aVAN GARD 5W30 este un lubrifiant 100% sintetic, produs la cele mai inainte nivele de formulare, conceput pentru a oferi penformante excelente motoarelor Euro IV-V cu sau fara DPF ce echipeaza seria Iveco Daily. Tehnologia moderna de formulare cu continut scazut de cenusa permite prelungirea si mentinerea eficientei sistemelor de reducere a &hellip; <\/p>\n<p class=\"link-more\"><a href=\"https:\/\/autopartsoils.ro\/site\/product\/ulei-de-motor-pentru-iveco-daily-petromax-original-id-avan-gard-5w30-1l-iveco-18-1811\/\" class=\"more-link\">Cite\u0219te mai multe<span class=\"screen-reader-text\">\u201eUlei de motor pentru Iveco Daily Petromax Original ID aVAN GARD 5W30 1L IVECO 18-1811\u201d<\/span><\/a><\/p>\n","protected":false},"featured_media":523,"template":"","meta":[],"product_cat":[56],"product_tag":[],"class_list":{"0":"post-524","1":"product","2":"type-product","3":"status-publish","4":"has-post-thumbnail","6":"product_cat-ulei-motor","8":"first","9":"instock","10":"shipping-taxable","11":"purchasable","12":"product-type-simple"},"featured_media_urls":{"thumbnail":["https:\/\/autopartsoils.ro\/site\/wp-content\/uploads\/2024\/06\/1010103.0001-150x150.jpg",150,150,true],"medium":["https:\/\/autopartsoils.ro\/site\/wp-content\/uploads\/2024\/06\/1010103.0001-250x300.jpg",250,300,true],"medium_large":["https:\/\/autopartsoils.ro\/site\/wp-content\/uploads\/2024\/06\/1010103.0001.jpg",499,600,false],"large":["https:\/\/autopartsoils.ro\/site\/wp-content\/uploads\/2024\/06\/1010103.0001.jpg",499,600,false],"1536x1536":["https:\/\/autopartsoils.ro\/site\/wp-content\/uploads\/2024\/06\/1010103.0001.jpg",499,600,false],"2048x2048":["https:\/\/autopartsoils.ro\/site\/wp-content\/uploads\/2024\/06\/1010103.0001.jpg",499,600,false],"inspiro-featured-image":["https:\/\/autopartsoils.ro\/site\/wp-content\/uploads\/2024\/06\/1010103.0001.jpg",499,600,false],"inspiro-loop":["https:\/\/autopartsoils.ro\/site\/wp-content\/uploads\/2024\/06\/1010103.0001-499x320.jpg",499,320,true],"inspiro-loop@2x":["https:\/\/autopartsoils.ro\/site\/wp-content\/uploads\/2024\/06\/1010103.0001.jpg",499,600,false],"woocommerce_thumbnail":["https:\/\/autopartsoils.ro\/site\/wp-content\/uploads\/2024\/06\/1010103.0001-300x300.jpg",300,300,true],"woocommerce_single":["https:\/\/autopartsoils.ro\/site\/wp-content\/uploads\/2024\/06\/1010103.0001.jpg",499,600,false],"woocommerce_gallery_thumbnail":["https:\/\/autopartsoils.ro\/site\/wp-content\/uploads\/2024\/06\/1010103.0001-100x100.jpg",100,100,true],"portfolio_item-thumbnail":["https:\/\/autopartsoils.ro\/site\/wp-content\/uploads\/2024\/06\/1010103.0001-499x400.jpg",499,400,true],"portfolio_item-thumbnail@2x":["https:\/\/autopartsoils.ro\/site\/wp-content\/uploads\/2024\/06\/1010103.0001.jpg",499,600,false],"portfolio_item-masonry":["https:\/\/autopartsoils.ro\/site\/wp-content\/uploads\/2024\/06\/1010103.0001.jpg",499,600,false],"portfolio_item-masonry@2x":["https:\/\/autopartsoils.ro\/site\/wp-content\/uploads\/2024\/06\/1010103.0001.jpg",499,600,false],"portfolio_item-thumbnail_cinema":["https:\/\/autopartsoils.ro\/site\/wp-content\/uploads\/2024\/06\/1010103.0001-499x335.jpg",499,335,true],"portfolio_item-thumbnail_portrait":["https:\/\/autopartsoils.ro\/site\/wp-content\/uploads\/2024\/06\/1010103.0001.jpg",499,600,false],"portfolio_item-thumbnail_portrait@2x":["https:\/\/autopartsoils.ro\/site\/wp-content\/uploads\/2024\/06\/1010103.0001.jpg",499,600,false],"portfolio_item-thumbnail_square":["https:\/\/autopartsoils.ro\/site\/wp-content\/uploads\/2024\/06\/1010103.0001.jpg",499,600,false],"che_header_image":["https:\/\/autopartsoils.ro\/site\/wp-content\/uploads\/2024\/06\/1010103.0001.jpg",499,600,false]},"_links":{"self":[{"href":"https:\/\/autopartsoils.ro\/site\/wp-json\/wp\/v2\/product\/524","targetHints":{"allow":["GET"]}}],"collection":[{"href":"https:\/\/autopartsoils.ro\/site\/wp-json\/wp\/v2\/product"}],"about":[{"href":"https:\/\/autopartsoils.ro\/site\/wp-json\/wp\/v2\/types\/product"}],"wp:featuredmedia":[{"embeddable":true,"href":"https:\/\/autopartsoils.ro\/site\/wp-json\/wp\/v2\/media\/523"}],"wp:attachment":[{"href":"https:\/\/autopartsoils.ro\/site\/wp-json\/wp\/v2\/media?parent=524"}],"wp:term":[{"taxonomy":"product_cat","embeddable":true,"href":"https:\/\/autopartsoils.ro\/site\/wp-json\/wp\/v2\/product_cat?post=524"},{"taxonomy":"product_tag","embeddable":true,"href":"https:\/\/autopartsoils.ro\/site\/wp-json\/wp\/v2\/product_tag?post=524"}],"curies":[{"name":"wp","href":"https:\/\/api.w.org\/{rel}","templated":true}]}}