{"id":536,"date":"2024-06-28T11:03:19","date_gmt":"2024-06-28T11:03:19","guid":{"rendered":"https:\/\/autopartsoils.ro\/site\/product\/ulei-de-motor-pentru-utilaje-de-constructii-petromax-etrios-geo-ls-10w40-5l-ck-4-e6-e9-e7-vds-3\/"},"modified":"2024-11-12T11:18:02","modified_gmt":"2024-11-12T11:18:02","slug":"ulei-de-motor-pentru-utilaje-de-constructii-petromax-etrios-geo-ls-10w40-5l-ck-4-e6-e9-e7-vds-3","status":"publish","type":"product","link":"https:\/\/autopartsoils.ro\/site\/product\/ulei-de-motor-pentru-utilaje-de-constructii-petromax-etrios-geo-ls-10w40-5l-ck-4-e6-e9-e7-vds-3\/","title":{"rendered":"Ulei de motor pentru utilaje de constructii Petromax Etrios Geo LS 10W40 5L CK-4 E6-E9 E7 VDS-3"},"content":{"rendered":"<p>ETRIOS GEO LS 10W40 este un lubrifiant modern, multi-grad, bazat pe o tehnologie de sintez\u0103 un con\u021binut redus de cenu\u0219\u0103 \u0219i realizat pentru satisface nevoile celor mai noi genera\u021bii de motoare turbo diesel cu interval cutie de viteze prelungit\u0103 \u0219i cu emisii reduse de ulei cu tehnologie EURO 4 si EURO 5, majoritatea echipate cu sisteme de reducere moderne a emisiilor gen EGR \u0219i SCR. Calitatea bazei, impreun\u0103 cu un exact pachet de aditivi garanteaza un comportament remarcabil in exploatare fiecare tip de p\u0103cur\u0103 \u0219i cu extinderea intervalelor de schimbare a uleiului, ajungand u\u0219or in limita de 100.000 km, in conformitate cu prevederile producatorilor. ETRIOS GEO LS 10W40 poate s\u0103 fie un produs multifunc\u021bional definit prin utilizarea tuturor tipurilor de pe flote diesel de autostrada, construc\u021bii \u0219i in toate aceste motoare DIESELmarine supraalimentate. Prin utilizarea acestui produs puteti ob\u021bine urm\u0103toarele beneficii: \u2022 Cre\u0219terea cur\u0103\u021beniei motorului \u2022 Protec\u021bie sporit\u0103 impotriva benzi de lipire, \u2022 Polizare alezaj redus\u0103 (polizare stuf) \u2022 Protec\u021bie sporit\u0103 impotriva uzurii \u2022 Prelungirea maxim\u0103a intervalului de schimbare a uleiului Vascozitate SAE 10W-40 Norme ACEA E6-E9 E7 Norme API CJ-4 CK-4 Corespunde cerintelor OEM: DAF HP-2 MAN M3477-M3277 MB 228.51-228.31 MTU TYPE 3.1 RENAULT RVI RXD\/RLD-2 SCANIA LOW ASH VOLVO VDS-3 Baza ulei Sintetic<\/p>\n","protected":false},"excerpt":{"rendered":"<p>ETRIOS GEO LS 10W40 este un lubrifiant modern, multi-grad, bazat pe o tehnologie de sintez\u0103 un con\u021binut redus de cenu\u0219\u0103 \u0219i realizat pentru satisface nevoile celor mai noi genera\u021bii de motoare turbo diesel cu interval cutie de viteze prelungit\u0103 \u0219i cu emisii reduse de ulei cu tehnologie EURO 4 si EURO 5, majoritatea echipate cu &hellip; <\/p>\n<p class=\"link-more\"><a href=\"https:\/\/autopartsoils.ro\/site\/product\/ulei-de-motor-pentru-utilaje-de-constructii-petromax-etrios-geo-ls-10w40-5l-ck-4-e6-e9-e7-vds-3\/\" class=\"more-link\">Cite\u0219te mai multe<span class=\"screen-reader-text\">\u201eUlei de motor pentru utilaje de constructii Petromax Etrios Geo LS 10W40 5L CK-4 E6-E9 E7 VDS-3\u201d<\/span><\/a><\/p>\n","protected":false},"featured_media":535,"template":"","meta":[],"product_cat":[56],"product_tag":[],"class_list":{"0":"post-536","1":"product","2":"type-product","3":"status-publish","4":"has-post-thumbnail","6":"product_cat-ulei-motor","8":"first","9":"instock","10":"shipping-taxable","11":"purchasable","12":"product-type-simple"},"featured_media_urls":{"thumbnail":["https:\/\/autopartsoils.ro\/site\/wp-content\/uploads\/2024\/06\/4010203.0005-150x150.jpg",150,150,true],"medium":["https:\/\/autopartsoils.ro\/site\/wp-content\/uploads\/2024\/06\/4010203.0005-238x300.jpg",238,300,true],"medium_large":["https:\/\/autopartsoils.ro\/site\/wp-content\/uploads\/2024\/06\/4010203.0005.jpg",475,600,false],"large":["https:\/\/autopartsoils.ro\/site\/wp-content\/uploads\/2024\/06\/4010203.0005.jpg",475,600,false],"1536x1536":["https:\/\/autopartsoils.ro\/site\/wp-content\/uploads\/2024\/06\/4010203.0005.jpg",475,600,false],"2048x2048":["https:\/\/autopartsoils.ro\/site\/wp-content\/uploads\/2024\/06\/4010203.0005.jpg",475,600,false],"inspiro-featured-image":["https:\/\/autopartsoils.ro\/site\/wp-content\/uploads\/2024\/06\/4010203.0005.jpg",475,600,false],"inspiro-loop":["https:\/\/autopartsoils.ro\/site\/wp-content\/uploads\/2024\/06\/4010203.0005-475x320.jpg",475,320,true],"inspiro-loop@2x":["https:\/\/autopartsoils.ro\/site\/wp-content\/uploads\/2024\/06\/4010203.0005.jpg",475,600,false],"woocommerce_thumbnail":["https:\/\/autopartsoils.ro\/site\/wp-content\/uploads\/2024\/06\/4010203.0005-300x300.jpg",300,300,true],"woocommerce_single":["https:\/\/autopartsoils.ro\/site\/wp-content\/uploads\/2024\/06\/4010203.0005.jpg",475,600,false],"woocommerce_gallery_thumbnail":["https:\/\/autopartsoils.ro\/site\/wp-content\/uploads\/2024\/06\/4010203.0005-100x100.jpg",100,100,true],"portfolio_item-thumbnail":["https:\/\/autopartsoils.ro\/site\/wp-content\/uploads\/2024\/06\/4010203.0005-475x400.jpg",475,400,true],"portfolio_item-thumbnail@2x":["https:\/\/autopartsoils.ro\/site\/wp-content\/uploads\/2024\/06\/4010203.0005.jpg",475,600,false],"portfolio_item-masonry":["https:\/\/autopartsoils.ro\/site\/wp-content\/uploads\/2024\/06\/4010203.0005.jpg",475,600,false],"portfolio_item-masonry@2x":["https:\/\/autopartsoils.ro\/site\/wp-content\/uploads\/2024\/06\/4010203.0005.jpg",475,600,false],"portfolio_item-thumbnail_cinema":["https:\/\/autopartsoils.ro\/site\/wp-content\/uploads\/2024\/06\/4010203.0005-475x335.jpg",475,335,true],"portfolio_item-thumbnail_portrait":["https:\/\/autopartsoils.ro\/site\/wp-content\/uploads\/2024\/06\/4010203.0005.jpg",475,600,false],"portfolio_item-thumbnail_portrait@2x":["https:\/\/autopartsoils.ro\/site\/wp-content\/uploads\/2024\/06\/4010203.0005.jpg",475,600,false],"portfolio_item-thumbnail_square":["https:\/\/autopartsoils.ro\/site\/wp-content\/uploads\/2024\/06\/4010203.0005.jpg",475,600,false],"che_header_image":["https:\/\/autopartsoils.ro\/site\/wp-content\/uploads\/2024\/06\/4010203.0005.jpg",475,600,false]},"_links":{"self":[{"href":"https:\/\/autopartsoils.ro\/site\/wp-json\/wp\/v2\/product\/536","targetHints":{"allow":["GET"]}}],"collection":[{"href":"https:\/\/autopartsoils.ro\/site\/wp-json\/wp\/v2\/product"}],"about":[{"href":"https:\/\/autopartsoils.ro\/site\/wp-json\/wp\/v2\/types\/product"}],"wp:featuredmedia":[{"embeddable":true,"href":"https:\/\/autopartsoils.ro\/site\/wp-json\/wp\/v2\/media\/535"}],"wp:attachment":[{"href":"https:\/\/autopartsoils.ro\/site\/wp-json\/wp\/v2\/media?parent=536"}],"wp:term":[{"taxonomy":"product_cat","embeddable":true,"href":"https:\/\/autopartsoils.ro\/site\/wp-json\/wp\/v2\/product_cat?post=536"},{"taxonomy":"product_tag","embeddable":true,"href":"https:\/\/autopartsoils.ro\/site\/wp-json\/wp\/v2\/product_tag?post=536"}],"curies":[{"name":"wp","href":"https:\/\/api.w.org\/{rel}","templated":true}]}}